n be -3*(2/3)/1. What is b(n)?
-4
Let l be ((-2)/10)/(201/2010). Let i(j) = 3*j**2 + 0*j**2 - j - 2*j**2. Calculate i(l).
6
Let g(k) = -3*k**3 - 9*k**2 + 6*k + 8. Let l(x) = 6*x**3 - 13*x + 5*x**3 - 3*x**3 - x**3 - 17 + 19*x**2. Let c(i) = 9*g(i) + 4*l(i). Calculate c(4).
-4
Let s(y) = y + 4. Let k be s(-5). Let x(r) be the third derivative of 1/6*r**3 + 0 + 17*r**2 - 5/24*r**4 + 0*r. Give x(k).
6
Suppose 0 = 5*f + v + v, -2*f = -2*v. Suppose f*l = -4*y + 3*l - 9, -y + 15 = 5*l. Let q(p) = p + p**3 - p + p - 8 + p**2. Determine q(y).
-8
Let x(h) = -h**2 + 9*h + 16. Let d be x(11). Let v(l) = l**3 + 6*l**2 - 2*l - 3. Determine v(d).
9
Let g be (-1 + 2 - 3) + -2. Let r(z) = 4*z - 25. Let i be r(7). Let k(f) = -f + 4 - 4 - i - 1. Calculate k(g).
0
Let z(g) = 1 + 2*g**2 + 2*g**2 - 10*g**2 + 4*g**2 - 12*g**3. Calculate z(-1).
11
Let h(j) be the third derivative of -j**6/120 + j**5/10 + 17*j**4/24 - 3*j**3/2 + 14*j**2 + 2. What is h(8)?
-1
Let a be (-1)/7 + (-2448)/357. Let i(y) = y**3 + 6*y**2 - 6*y + 8. Give i(a).
1
Let x(h) = -h**3 - 22*h**2 + 2*h + 36. Let d(b) = 5*b**2 + 113*b + 44. Let i be d(-22). Give x(i).
-8
Let l be -30*((-8)/(-3) - 3). Suppose 4*p - 9 = 3*u - 28, 3*p = -2*u - l. Let k(r) = r. Determine k(u).
1
Let o(v) be the first derivative of -2*v**2 + 6*v + 4. Let p(y) = -5*y + 7. Let q(b) = -4*o(b) + 3*p(b). Determine q(5).
2
Let g be (3 - (-11)/(-3))*-6. Let m(p) = 5*p - 2. Determine m(g).
18
Let x(i) = i**3 + 5*i**2 + 3*i + 1. Suppose 0 = 7*c + 5*c + 36. Calculate x(c).
10
Let v(x) = -9 - x + 2*x + 3*x - 3*x. Let p(d) be the first derivative of -d + 2. Let h(z) = 2*p(z) - v(z). What is h(7)?
0
Let j(d) be the first derivative of -d**2 + 2*d - 183. Determine j(-3).
8
Let a(z) = -z**3 + 2*z**2 + z + 2. Let o = -1357 - -1361. What is a(o)?
-26
Let r(t) = t + 2. Let a be r(-5). Let k(x) = x + 482*x**2 - 242*x**2 - 4*x**3 + 5*x**3 - 237*x**2. Determine k(a).
-3
Let x(w) = -3*w**2 + 9*w - 3. Let j(z) = -5*z**2 + 17*z - 7. Let h(c) = 4*j(c) - 7*x(c). Suppose -m + 4*m = 15. Suppose -m*r - 6 = -4*r. What is h(r)?
-1
Let p(n) = 65 - n**3 - 85 + n**2 + 19 + n. Give p(0).
-1
Let g = -27 - -43. Let h = g - 15. Let v(j) be the first derivative of -4*j**3/3 - j**2/2 + j - 1. What is v(h)?
-4
Let n(s) be the first derivative of s**4/4 + 2*s**3 - 8*s**2 - 12*s - 618. What is n(-8)?
-12
Let d(c) = -c**3 + c**2 + c + 15. Let t(k) = 3 - 3*k - 17*k**2 - 1 + 18*k**2. Let u be t(1). Suppose u*i - 4*i = 0. Calculate d(i).
15
Let y(l) = 22*l**3 + 5*l**2 - 2*l + 5. Let c(x) = 1 - 3 - 2*x**2 - 39*x**3 + x + 28*x**3. Let d(h) = -5*c(h) - 2*y(h). Calculate d(1).
10
Let g be (0/(-2) - -2) + -3. Let o(q) = 4 + 0*q**2 + 1 - 5*q**2 + 12*q**2 - 6. Determine o(g).
6
Suppose 5*i - 2*n - 44 = 0, i - n - 12 = n. Let d(v) = -i*v - 3*v + v - 1 + 11*v. What is d(6)?
5
Let x(v) be the third derivative of -v**4/12 - v**3/2 - 7*v**2. Let k(p) = -p**2 - 18*p - 8. Let u be k(-18). Let a = -10 - u. Determine x(a).
1
Suppose -2653 + 673 = 165*d. Let n(c) = -c**3 - 12*c**2 + 4*c + 37. Determine n(d).
-11
Let z(c) = c. Let m = -37 + 19. Let v be (-184)/m + (-60)/27 + 2. Calculate z(v).
10
Let w(i) = i**2 + 4*i + 6. Let h be -1*((-6)/3 + 8 - 1). What is w(h)?
11
Let c(q) = -q**2 - 6*q + 3. Let f(g) = -g**3 + 5*g**2 + 6*g - 14. Let y be f(6). Let u = -71 + 51. Let b = u - y. Calculate c(b).
3
Suppose -584*b = -596*b + 48. Let t(o) = o**2 + 2*o - 21. Determine t(b).
3
Let c = -1 + 3. Suppose c = -2*k + 8. Let p(o) = 21*o - 22*o - 1 + k. Give p(0).
2
Suppose 32*t - 28*t = 4. Let m(a) = 1 - a - 7*a + 0*a. Calculate m(t).
-7
Let c(h) = -16*h**3 - 56*h**2 - 40*h - 6. Let w(k) = 3*k**3 + 11*k**2 + 8*k + 1. Let l be (-3 + (-5)/2)/((-3)/6). Let v(o) = l*w(o) + 2*c(o). Calculate v(-8).
-1
Suppose 28 = 8*w - 20. Let h be 0/(0 - (w/(-2))/1). Let x(a) = -a**3 - a**2 - a + 2. What is x(h)?
2
Suppose -2*m = 5*y - 195, 0 = y - m + 6*m - 62. Let w(s) = -2*s**2 - 33*s + 1 - y*s + 3*s**3 + 71*s. Calculate w(2).
19
Let a(s) = -7*s**3 + 3*s**2 + 2*s**2 - 2*s - s**2 - 2*s**2 + 3*s. Let u(i) = i - 1. Let k be u(0). Give a(k).
8
Let l(w) = w**3 + 13*w**2 + 13*w + 18. Let c be l(-12). Let i = -4 + c. Let s(q) = -36*q - q**i + 36*q. Give s(0).
0
Let c(q) = -27*q**3 - 14*q**2 + 26*q - 54. Let y(k) = -5*k**3 - 3*k**2 + 5*k - 10. Let p(n) = -2*c(n) + 11*y(n). What is p(-4)?
-30
Suppose -j - j = -4*g - 42, 4*j - 71 = -5*g. Let h(w) = 4*w + 1 + 5*w**2 + 20*w**3 - j*w**3 + 4. What is h(-4)?
5
Let q(w) = w**3 - 2*w**2 - 2*w + 2. Let f = 20 - 14. Suppose a - f*a = -15. Determine q(a).
5
Suppose 4*y = -5*g + 35, -g = -4*y + 3*y - 16. Let s(m) = -21*m + 7. Let d be s(1). Let n = d + g. Let w(f) = -f - 3. Determine w(n).
0
Let v(f) = 47 + 113*f**2 - 14*f + f + 3*f - 112*f**2 - 5*f. Calculate v(7).
-9
Let a be 19/4 + 13/52. Let x(f) = -14*f**2 + 13*f**2 + 1 + 6*f + a*f. What is x(11)?
1
Suppose 4*x + 20 = -0. Let n(k) be the first derivative of -k**5/20 - k**4/2 - k**3 + k**2/2 + 6*k + 13. Let f(c) be the first derivative of n(c). Give f(x).
6
Let o(l) be the first derivative of l**5/120 + l**4/24 + 5*l**3/3 + 18. Let m(p) be the third derivative of o(p). Calculate m(5).
6
Let x(n) = n**3 - 2*n**2 - n - 6. Let s = 378 - 375. Give x(s).
0
Let b(p) be the second derivative of -p**3/3 + 2*p**2 + 39*p. Suppose -8*t = -3*t - 30. Calculate b(t).
-8
Let z(r) be the first derivative of -r**3/3 - 11*r**2/2 - 2*r + 359. Give z(-9).
16
Let s(y) = -y**2 - 5*y + 2. Let x be (-5)/(5/(-33)) + (1 - -1). Let j = x - 40. What is s(j)?
2
Suppose 0 = 2*w - 3*j - 15, 2*j + 3 = w - 7. Let y(m) = w*m - m + 0*m. Suppose -15*s = -41 + 11. Determine y(s).
-2
Let a(b) = -9*b**2 + 3*b + 7. Let q(g) = -4*g**2 - 4*g**2 + 4*g**2 + g + 3. Let n(h) = -2*a(h) + 5*q(h). Calculate n(1).
-2
Suppose q = -r + 3*q + 6, 5*r + 25 = -q. Let d(j) = 1315*j**2 + 1315*j**2 - 2626*j**2 + j**3 + 3. Calculate d(r).
3
Let y(o) = 5*o**3 - 31*o**2 + 39*o - 57. Let l(a) = -2*a**3 + 11*a**2 - 13*a + 20. Let h(q) = 8*l(q) + 3*y(q). Give h(-7).
-4
Let j(p) = p + 6. Let l(w) = w - 17. Let f be 0 + -2 + 7 - 1. Suppose q - 2*x - 21 = -6*x, -2*x + 56 = f*q. Let s be l(q). Give j(s).
2
Let f = -45 - -17. Let p be -7 - 7/(f/16). Let h(z) = z - 4. Give h(p).
-7
Let z(f) = f**3 + 4*f**2 - 7*f + 5. Let g be (-4)/(-12)*1*-18. Let b(h) = -h**3 - 4*h**2 + 6*h - 4. Let r(u) = g*z(u) - 7*b(u). Determine r(-3).
7
Let b(h) = -h**2 - h + 13. Let l be (-50)/(-15)*(-12)/10. Let y be 6/l*(-88)/33. Suppose -5*f - k = -1, 4*k - y = -3*f - 0*k. Determine b(f).
13
Let i(w) = w**3 - 10*w**2 + w - 4. Suppose -403*s + 405*s = 20. What is i(s)?
6
Suppose 5*l - 12*l = 56. Let t(k) = -2*k - 2. Determine t(l).
14
Let i(x) = 5*x**2 - x + 10*x**2 - 4*x**2. Let y(w) = w**3 - 4*w**2 - w + 3. Suppose 0 = -4*l + 20, -2*b + 31 = 2*l + 13. Let q be y(b). What is i(q)?
12
Let k(h) be the second derivative of -h**4/12 - 3*h**3/2 + 9*h**2/2 + 7*h - 32. Determine k(-4).
29
Let p(a) be the third derivative of a**4/24 - 2*a**3/3 + 21*a**2. Give p(3).
-1
Suppose -d + 2 = -2*d. Let t be 11*((-3)/1 - d). Let m(i) = i + 16. Calculate m(t).
5
Suppose 5*r + 80 = -2*m, 0*m - 2*m = -2*r - 18. Let o(j) = -2*j**2 - 28*j - 4. What is o(r)?
-4
Let x(h) be the first derivative of -1/3*h**3 + 1/2*h**2 - 39 - 1/4*h**4 - 4*h. What is x(0)?
-4
Let l be (10 - 10)*(0 - 1). Let f(i) = 0*i**3 + i + l*i + i**3 - 4*i**2. Give f(4).
4
Let d = -203 + 139. Let z = d - -73. Let f(l) = l**3 - 10*l**2 + 10*l - 8. Determine f(z).
1
Let r(h) = -2*h - 5. Let v(q) = -2*q - 5. Let x(i) = -5*r(i) + 6*v(i). Let t be 22/473 - 1212/172. Calculate x(t).
9
Let z be 9/(-11) - 4/22. Let n(w) = -2*w**3 - 5*w**2 - 11*w + 3*w**2 + 5*w + 5*w. Calculate n(z).
1
Let a = 49 + -47. Let y(w) = 8*w**2 + a*w + 151 + 151 + w**3 - 292. Calculate y(-8).
-6
Suppose a - 10 = -4*a. Suppose 10 = -s - 0*m + a*m, 25 = 5*m. Let q(x) = x - 15. Determine q(s).
-15
Let b(g) = -11*g**3 - g + 1. Let v(c) = -60*c + 241. Let n be v(4). Calculate b(n).
-11
Let i(s) = -s**2 + s + 2. Suppose -2*b = -4*k - 30, -2*k - 2 = -3*b + 7. Let r = 9 + k. Suppose -v = -2*f + f - 3, r = -4*f + 4. Calculate i(v).
-10
Suppose 2 = -5*d + 42. Let t(u) = u - 4. Let w be t(d). Let s(k) = 2*k**2 - 3 - 4*k**2 + 5*k + k**2. Calculate s(w).
1
Suppose -5*s - 2 = 2*h + 4, 5*s - 3*h + 16 = 0. Let f = s - -5. 